{"id":12,"date":"2021-03-15T09:15:54","date_gmt":"2021-03-15T08:15:54","guid":{"rendered":"http:\/\/apaindb.cluster030.hosting.ovh.net\/?page_id=12"},"modified":"2024-01-22T19:53:40","modified_gmt":"2024-01-22T18:53:40","slug":"boulangerie-bio-belley-responsable-levain","status":"publish","type":"page","link":"https:\/\/apaindeloup.fr\/index.php\/boulangerie-bio-belley-responsable-levain\/","title":{"rendered":"Philosophie"},"content":{"rendered":"\n<div class=\"wp-block-columns is-layout-flex wp-container-core-columns-is-layout-9d6595d7 wp-block-columns-is-layout-flex\">\n<div class=\"wp-block-column is-layout-flow wp-block-column-is-layout-flow\"><style>.wp-block-kadence-advancedheading.kt-adv-heading12_3c8784-8f, .wp-block-kadence-advancedheading.kt-adv-heading12_3c8784-8f[data-kb-block=\"kb-adv-heading12_3c8784-8f\"]{text-align:left;font-size:31px;font-weight:400;font-style:normal;font-family:'Nerko One';color:#333333;}.wp-block-kadence-advancedheading.kt-adv-heading12_3c8784-8f mark.kt-highlight, .wp-block-kadence-advancedheading.kt-adv-heading12_3c8784-8f[data-kb-block=\"kb-adv-heading12_3c8784-8f\"] mark.kt-highlight{font-style:normal;color:#f76a0c;-webkit-box-decoration-break:clone;box-decoration-break:clone;padding-top:0px;padding-right:0px;padding-bottom:0px;padding-left:0px;}.wp-block-kadence-advancedheading.kt-adv-heading12_3c8784-8f img.kb-inline-image, .wp-block-kadence-advancedheading.kt-adv-heading12_3c8784-8f[data-kb-block=\"kb-adv-heading12_3c8784-8f\"] img.kb-inline-image{width:150px;vertical-align:baseline;}<\/style>\n<h1 class=\"kt-adv-heading12_3c8784-8f wp-block-kadence-advancedheading\" data-kb-block=\"kb-adv-heading12_3c8784-8f\"><strong>LE MOT DE LA CR\u00c9ATRICE<\/strong><\/h1>\n\n\n<style>.wp-block-kadence-spacer.kt-block-spacer-12_99849f-25 .kt-block-spacer{height:60px;}.wp-block-kadence-spacer.kt-block-spacer-12_99849f-25 .kt-divider{border-top-width:1px;height:1px;border-top-color:#eee;width:80%;border-top-style:solid;}<\/style>\n<div class=\"wp-block-kadence-spacer aligncenter kt-block-spacer-12_99849f-25\"><div class=\"kt-block-spacer kt-block-spacer-halign-center\"><hr class=\"kt-divider\"\/><\/div><\/div>\n\n\n<div class=\"wp-block-image\">\n<figure class=\"aligncenter size-large is-resized\"><img loading=\"lazy\" decoding=\"async\" width=\"600\" height=\"383\" src=\"https:\/\/apaindeloup.fr\/wp-content\/uploads\/2021\/03\/eidb-1.jpg\" alt=\"\" class=\"wp-image-250\" style=\"width:600px;height:383px\" srcset=\"https:\/\/apaindeloup.fr\/wp-content\/uploads\/2021\/03\/eidb-1.jpg 600w, https:\/\/apaindeloup.fr\/wp-content\/uploads\/2021\/03\/eidb-1-300x192.jpg 300w, https:\/\/apaindeloup.fr\/wp-content\/uploads\/2021\/03\/eidb-1-150x96.jpg 150w\" sizes=\"auto, (max-width: 600px) 100vw, 600px\" \/><\/figure>\n<\/div>\n\n\n<blockquote class=\"wp-block-quote is-layout-flow wp-block-quote-is-layout-flow\">\n<p><mark style=\"background-color:rgba(0, 0, 0, 0);color:#003047\" class=\"has-inline-color\">\u00ab\u00a0Ing\u00e9nieure et cadre dans le secteur de la maroquinerie depuis 2014, j\u2019\u00e9tais arriv\u00e9e \u00e0 un constat \u00e9vident, celui d&rsquo;\u00eatre en rupture avec mes convictions en travaillant pour un secteur d&rsquo;activit\u00e9 qui n&rsquo;\u00e9tait pas assez durable \u00e0 mes yeux. Je me suis rendue compte que j\u2019avais besoin, pour <strong>redonner du sens<\/strong> \u00e0 mon travail, de <strong>m\u2019ancrer <\/strong>localement sur un territoire, de <strong>cr\u00e9er du lien<\/strong> avec ses habitants, de <strong>produire de mes mains<\/strong> et d&rsquo;exprimer mon potentiel de <strong>cr\u00e9ativit\u00e9<\/strong>. Entrepreneuse dans l\u2019\u00e2me, c\u2019est finalement la <strong>boulangerie <\/strong>qui s\u2019est impos\u00e9e \u00e0 moi. Notre pays poss\u00e8de une <strong>culture <\/strong>et un<strong> savoir-faire<\/strong> uniques au monde dans ce domaine et je souhaitais acqu\u00e9rir cette expertise, la mettre en \u0153uvre dans mon travail et la partager au plus grand nombre \u00e0 travers mes produits. Avec seulement deux ingr\u00e9dients, de la farine et de l\u2019eau, je fabrique mon propre levain, je suis <strong>r\u00e9siliente<\/strong>, je suis dans une \u00e9conomie minimale qui fait sens, pas dans la surconsommation ni la surproduction. Fille et petite-fille d\u2019agriculteurs en Lorraine, travailler la farine me permettait aussi de <strong>renouer un peu avec la terre<\/strong>, avec mes racines, tout en inscrivant mon projet dans l&rsquo;<strong>alimentation de demain<\/strong>.<\/mark><\/p>\n\n\n\n<p><\/p>\n<\/blockquote>\n\n\n\n<blockquote class=\"wp-block-quote is-layout-flow wp-block-quote-is-layout-flow\">\n<p><mark style=\"background-color:rgba(0, 0, 0, 0);color:#003047\" class=\"has-inline-color\">A la recherche de la meilleure formation possible pour ma reconversion, j&rsquo;ai choisi l&rsquo;<a href=\"https:\/\/ecoleinternationaledeboulangerie.fr\/success.php\" target=\"_blank\" rel=\"noreferrer noopener\"><strong>Ecole Internationale de Boulangerie<\/strong><\/a>, une \u00e9cole unique sp\u00e9cialis\u00e9e dans la panification au levain naturel, perdue entre le Mont Ventoux et Sisteron, de laquelle je suis sortie dipl\u00f4m\u00e9e <strong>Artisane Boulang\u00e8re<\/strong> en d\u00e9cembre 2020 ! Gourmande et sportive de nature, j\u2019ai eu \u00e0 c\u0153ur d\u2019associer les deux \u00e0 travers une gamme de produits boulangers savoureux, pratiques et nutritifs qui, je l&rsquo;esp\u00e8re, vous s\u00e9duiront.\u00bb <\/mark><\/p>\n\n\n\n<p><\/p>\n<cite><strong>Elaine Boury<\/strong><\/cite><\/blockquote>\n\n\n\n<div style=\"height:54px\" aria-hidden=\"true\" class=\"wp-block-spacer\"><\/div>\n\n\n\n<hr class=\"wp-block-separator has-css-opacity is-style-wide\"\/>\n\n\n<style>.wp-block-kadence-advancedheading.kt-adv-heading12_6cad44-ae, .wp-block-kadence-advancedheading.kt-adv-heading12_6cad44-ae[data-kb-block=\"kb-adv-heading12_6cad44-ae\"]{text-align:left;font-weight:400;font-style:normal;font-family:'Nerko One';color:#333333;}.wp-block-kadence-advancedheading.kt-adv-heading12_6cad44-ae mark.kt-highlight, .wp-block-kadence-advancedheading.kt-adv-heading12_6cad44-ae[data-kb-block=\"kb-adv-heading12_6cad44-ae\"] mark.kt-highlight{font-style:normal;color:#f76a0c;-webkit-box-decoration-break:clone;box-decoration-break:clone;padding-top:0px;padding-right:0px;padding-bottom:0px;padding-left:0px;}.wp-block-kadence-advancedheading.kt-adv-heading12_6cad44-ae img.kb-inline-image, .wp-block-kadence-advancedheading.kt-adv-heading12_6cad44-ae[data-kb-block=\"kb-adv-heading12_6cad44-ae\"] img.kb-inline-image{width:150px;vertical-align:baseline;}<\/style>\n<h1 class=\"kt-adv-heading12_6cad44-ae wp-block-kadence-advancedheading\" data-kb-block=\"kb-adv-heading12_6cad44-ae\"><strong>LE FONCTIONNEMENT DU FOURNIL<\/strong><\/h1>\n\n\n<style>.wp-block-kadence-spacer.kt-block-spacer-12_686c69-df .kt-block-spacer{height:60px;}.wp-block-kadence-spacer.kt-block-spacer-12_686c69-df .kt-divider{border-top-width:1px;height:1px;border-top-color:#eee;width:80%;border-top-style:solid;}<\/style>\n<div class=\"wp-block-kadence-spacer aligncenter kt-block-spacer-12_686c69-df\"><div class=\"kt-block-spacer kt-block-spacer-halign-center\"><hr class=\"kt-divider\"\/><\/div><\/div>\n\n\n<div class=\"wp-block-image is-style-default\">\n<figure class=\"alignleft size-full\"><img loading=\"lazy\" decoding=\"async\" width=\"400\" height=\"400\" src=\"https:\/\/apaindeloup.fr\/wp-content\/uploads\/2022\/02\/fournil2.jpg\" alt=\"\" class=\"wp-image-1919\" srcset=\"https:\/\/apaindeloup.fr\/wp-content\/uploads\/2022\/02\/fournil2.jpg 400w, https:\/\/apaindeloup.fr\/wp-content\/uploads\/2022\/02\/fournil2-300x300.jpg 300w, https:\/\/apaindeloup.fr\/wp-content\/uploads\/2022\/02\/fournil2-150x150.jpg 150w\" sizes=\"auto, (max-width: 400px) 100vw, 400px\" \/><\/figure>\n<\/div>\n\n\n<p style=\"font-size:15px\"><strong>Il \u00e9tait pour moi primordial de trouver un \u00e9quilibre entre vie personnelle et vie professionnelle, de pr\u00e9server mes nuits, de pr\u00e9server ma sant\u00e9 et celle de mes collaborateurs. <\/strong>C&rsquo;est donc une organisation bien diff\u00e9rente du mod\u00e8le conventionnel de la boulangerie que j&rsquo;ai d\u00e9cid\u00e9 de mettre en place. Cela est rendu possible par le proc\u00e9d\u00e9 de panification en longue fermentation, dit proc\u00e9d\u00e9 en \u00ab\u00a0J+1\u00a0\u00bb :  mes pains sont p\u00e9tris le matin vers 8h, fa\u00e7onn\u00e9s vers midi puis mis en chambre froide jusqu&rsquo;au lendemain matin pour \u00eatre cuits vers 6h30. Suite \u00e0 l&rsquo;augmentation du prix de l&rsquo;\u00e9lectricit\u00e9, j&rsquo;ai d\u00e9cid\u00e9 de fermer le lundi. Le <strong>mardi <\/strong>est donc une journ\u00e9e exclusivement <strong>d\u00e9di\u00e9e \u00e0 la production<\/strong> de p\u00e2tes qui seront cuites le lendemain. En cons\u00e9quence je n&rsquo;ai pas de pain \u00e0 vendre le lundi ni le mardi. Le pain au levain se d\u00e9marquant du pain \u00e0 la levure par son excellente conservation, j&rsquo;ai fait \u00e9galement le choix de fermer le fournil les samedis et dimanches. Mais vous pourrez me retrouver tous les <strong>samedis matins <\/strong>sur le march\u00e9 de Belley (devant le bar le T\u00e9l\u00e9graphe)<\/p>\n\n\n<style>.wp-block-kadence-spacer.kt-block-spacer-12_381f94-6c .kt-block-spacer{height:60px;}.wp-block-kadence-spacer.kt-block-spacer-12_381f94-6c .kt-divider{border-top-width:1px;height:1px;border-top-color:#eee;width:80%;border-top-style:solid;}<\/style>\n<div class=\"wp-block-kadence-spacer aligncenter kt-block-spacer-12_381f94-6c\"><div class=\"kt-block-spacer kt-block-spacer-halign-center\"><hr class=\"kt-divider\"\/><\/div><\/div>\n\n\n\n<p style=\"font-size:15px\">L&rsquo;<strong>offre de service<\/strong> faisant partie de l&rsquo;ADN de ma boulangerie, je propose un <strong>service de livraison<\/strong> aux entreprises le matin. Restauration, cantines, paniers d&rsquo;entreprises, magasins bio, \u00e9piceries, magasins de producteurs&#8230; peuvent donc b\u00e9n\u00e9ficier de pain frais <strong>du mercredi au vendredi<\/strong> <strong>d\u00e8s 9h30<\/strong>. Cette organisation ne me permet pas de recevoir des clients dans de bonnes conditions les matins, c&rsquo;est pourquoi j&rsquo;ouvre le fournil <strong>de 12h \u00e0 13h (avec une offre de restauration \u00e0 emporter) puis les apr\u00e8s-midis (15h30-18h30)<\/strong> . Comme ces horaires peuvent \u00eatre contraignants pour certains d&rsquo;entre vous, j&rsquo;ai \u00e9galement mis en place une<strong> colonne de casiers \u00e0 pain, <\/strong>h\u00e9berg\u00e9e par le magasin<strong> La Vie Claire au centre de Belley, <\/strong>qui vous permettra de venir chercher votre pain \u00e0 n&rsquo;importe quelle heure <strong>du jour ou de la nuit <\/strong>! Pour garantir \u00e0 chaque client d&rsquo;avoir son pain aux horaires d&rsquo;ouverture, pour optimiser les quantit\u00e9s et \u00e9viter les invendus, j&rsquo;ai mis en place un syst\u00e8me de <strong>r\u00e9servation en ligne<\/strong> et <strong>d&rsquo;abonnement <\/strong>simple et efficace ! Pour le d\u00e9couvrir, cliquez <strong><a href=\"https:\/\/apaindeloup.fr\/index.php\/boulanger-bio-belley-reservation-ligne-cagnotte\/\">ICI<\/a><\/strong><\/p>\n\n\n<style>.wp-block-kadence-spacer.kt-block-spacer-12_ee8536-0e .kt-block-spacer{height:60px;}.wp-block-kadence-spacer.kt-block-spacer-12_ee8536-0e .kt-divider{border-top-width:1px;height:1px;border-top-color:#eee;width:80%;border-top-style:solid;}<\/style>\n<div class=\"wp-block-kadence-spacer aligncenter kt-block-spacer-12_ee8536-0e\"><div class=\"kt-block-spacer kt-block-spacer-halign-center\"><hr class=\"kt-divider\"\/><\/div><\/div>\n\n\n\n<figure class=\"wp-block-embed is-type-video is-provider-youtube wp-block-embed-youtube wp-embed-aspect-16-9 wp-has-aspect-ratio\"><div class=\"wp-block-embed__wrapper\">\n<iframe loading=\"lazy\" title=\"Commerce &quot;Ils ont choisi Belley&quot;  - Episode 1 A pain de loup\" width=\"900\" height=\"506\" src=\"https:\/\/www.youtube.com\/embed\/jnQJez4T6t4?feature=oembed\" frameborder=\"0\" allow=\"accelerometer; autoplay; clipboard-write; encrypted-media; gyroscope; picture-in-picture; web-share\" allowfullscreen><\/iframe>\n<\/div><\/figure>\n<\/div>\n<\/div>\n\n\n<style>.wp-block-kadence-spacer.kt-block-spacer-12_341b83-02 .kt-block-spacer{height:60px;}.wp-block-kadence-spacer.kt-block-spacer-12_341b83-02 .kt-divider{border-top-width:1px;height:1px;border-top-color:#eee;width:80%;border-top-style:solid;}<\/style>\n<div class=\"wp-block-kadence-spacer aligncenter kt-block-spacer-12_341b83-02\"><div class=\"kt-block-spacer kt-block-spacer-halign-center\"><hr class=\"kt-divider\"\/><\/div><\/div>\n\n\n\n<figure class=\"wp-block-embed is-type-video is-provider-youtube wp-block-embed-youtube wp-embed-aspect-16-9 wp-has-aspect-ratio\"><div class=\"wp-block-embed__wrapper\">\n<iframe loading=\"lazy\" title=\"Reportage A Pain De Loup\" width=\"900\" height=\"506\" src=\"https:\/\/www.youtube.com\/embed\/pzLQxPWMtl4?feature=oembed\" frameborder=\"0\" allow=\"accelerometer; autoplay; clipboard-write; encrypted-media; gyroscope; picture-in-picture; web-share\" allowfullscreen><\/iframe>\n<\/div><\/figure>\n\n\n\n<div class=\"wp-block-columns is-layout-flex wp-container-core-columns-is-layout-9d6595d7 wp-block-columns-is-layout-flex\">\n<div class=\"wp-block-column is-layout-flow wp-block-column-is-layout-flow\">\n<div class=\"wp-block-columns is-layout-flex wp-container-core-columns-is-layout-9d6595d7 wp-block-columns-is-layout-flex\">\n<div class=\"wp-block-column is-layout-flow wp-block-column-is-layout-flow\"><\/div>\n\n\n\n<div class=\"wp-block-column is-layout-flow wp-block-column-is-layout-flow\"><div class=\"wp-block-image\">\n<figure class=\"aligncenter size-full is-resized\"><a href=\"https:\/\/apaindeloup.fr\/index.php\/boulangerie-bio-belley-eco-responsable\/\"><img loading=\"lazy\" decoding=\"async\" width=\"400\" height=\"400\" src=\"https:\/\/apaindeloup.fr\/wp-content\/uploads\/2021\/08\/ecology.jpg\" alt=\"\" class=\"wp-image-1264\" style=\"width:200px;height:200px\" title=\"\" srcset=\"https:\/\/apaindeloup.fr\/wp-content\/uploads\/2021\/08\/ecology.jpg 400w, https:\/\/apaindeloup.fr\/wp-content\/uploads\/2021\/08\/ecology-300x300.jpg 300w, https:\/\/apaindeloup.fr\/wp-content\/uploads\/2021\/08\/ecology-150x150.jpg 150w\" sizes=\"auto, (max-width: 400px) 100vw, 400px\" \/><\/a><\/figure>\n<\/div>\n\n\n<p class=\"has-text-align-center\" style=\"font-size:15px\"><strong>\u00c9CO-RESPONSABILIT\u00c9<\/strong><\/p>\n<\/div>\n<\/div>\n<\/div>\n\n\n\n<div class=\"wp-block-column is-layout-flow wp-block-column-is-layout-flow\">\n<div class=\"wp-block-columns is-layout-flex wp-container-core-columns-is-layout-9d6595d7 wp-block-columns-is-layout-flex\">\n<div class=\"wp-block-column is-layout-flow wp-block-column-is-layout-flow\"><div class=\"wp-block-image\">\n<figure class=\"aligncenter size-full is-resized\"><a href=\"https:\/\/apaindeloup.fr\/index.php\/boulangerie-bio-belley-qualite-saveur-ain\/\"><img loading=\"lazy\" decoding=\"async\" width=\"400\" height=\"400\" src=\"https:\/\/apaindeloup.fr\/wp-content\/uploads\/2021\/08\/guarantee.jpg\" alt=\"\" class=\"wp-image-1266\" style=\"width:200px;height:200px\" srcset=\"https:\/\/apaindeloup.fr\/wp-content\/uploads\/2021\/08\/guarantee.jpg 400w, https:\/\/apaindeloup.fr\/wp-content\/uploads\/2021\/08\/guarantee-300x300.jpg 300w, https:\/\/apaindeloup.fr\/wp-content\/uploads\/2021\/08\/guarantee-150x150.jpg 150w\" sizes=\"auto, (max-width: 400px) 100vw, 400px\" \/><\/a><\/figure>\n<\/div>\n\n\n<p class=\"has-text-align-center\" style=\"font-size:15px\"><strong>QUALIT\u00c9<\/strong><\/p>\n<\/div>\n\n\n\n<div class=\"wp-block-column is-layout-flow wp-block-column-is-layout-flow\"><\/div>\n<\/div>\n<\/div>\n<\/div>\n","protected":false},"excerpt":{"rendered":"<p>LE MOT DE LA CR\u00c9ATRICE \u00ab\u00a0Ing\u00e9nieure et cadre dans le secteur de la maroquinerie depuis 2014, j\u2019\u00e9tais arriv\u00e9e \u00e0 un constat \u00e9vident, celui d&rsquo;\u00eatre en rupture avec mes convictions en travaillant pour un secteur d&rsquo;activit\u00e9 qui n&rsquo;\u00e9tait pas assez durable&#8230;<\/p>\n<p> <a class=\"continue-reading-link\" href=\"https:\/\/apaindeloup.fr\/index.php\/boulangerie-bio-belley-responsable-levain\/\"><span>LIRE PLUS&#8230;<\/span><i class=\"crycon-right-dir\"><\/i><\/a> <\/p>\n","protected":false},"author":1,"featured_media":0,"parent":0,"menu_order":0,"comment_status":"closed","ping_status":"closed","template":"","meta":{"footnotes":""},"class_list":["post-12","page","type-page","status-publish","hentry"],"yoast_head":"<!-- This site is optimized with the Yoast SEO plugin v27.4 - https:\/\/yoast.com\/product\/yoast-seo-wordpress\/ -->\n<title>Boulangerie Bio artisanale \u00e0 Belley, \u00e9co-responsable, pains au levain<\/title>\n<meta name=\"description\" content=\"A pain de Loup : boulangerie Bio artisanale situ\u00e9e \u00e0 Belley, \u00e9co-responsable, sp\u00e9cialis\u00e9e dans la panification au levain naturel.\" \/>\n<meta name=\"robots\" content=\"index, follow, max-snippet:-1, max-image-preview:large, max-video-preview:-1\" \/>\n<link rel=\"canonical\" href=\"https:\/\/apaindeloup.fr\/index.php\/boulangerie-bio-belley-responsable-levain\/\" \/>\n<meta property=\"og:locale\" content=\"fr_FR\" \/>\n<meta property=\"og:type\" content=\"article\" \/>\n<meta property=\"og:title\" content=\"Boulangerie Bio artisanale \u00e0 Belley, \u00e9co-responsable, pains au levain\" \/>\n<meta property=\"og:description\" content=\"A pain de Loup : boulangerie Bio artisanale situ\u00e9e \u00e0 Belley, \u00e9co-responsable, sp\u00e9cialis\u00e9e dans la panification au levain naturel.\" \/>\n<meta property=\"og:url\" content=\"https:\/\/apaindeloup.fr\/index.php\/boulangerie-bio-belley-responsable-levain\/\" \/>\n<meta property=\"og:site_name\" content=\"A pain de Loup\" \/>\n<meta property=\"article:modified_time\" content=\"2024-01-22T18:53:40+00:00\" \/>\n<meta property=\"og:image\" content=\"https:\/\/apaindeloup.fr\/wp-content\/uploads\/2021\/03\/eidb-1.jpg\" \/>\n<meta name=\"twitter:card\" content=\"summary_large_image\" \/>\n<meta name=\"twitter:label1\" content=\"Dur\u00e9e de lecture estim\u00e9e\" \/>\n\t<meta name=\"twitter:data1\" content=\"3 minutes\" \/>\n<script type=\"application\/ld+json\" class=\"yoast-schema-graph\">{\"@context\":\"https:\\\/\\\/schema.org\",\"@graph\":[{\"@type\":\"WebPage\",\"@id\":\"https:\\\/\\\/apaindeloup.fr\\\/index.php\\\/boulangerie-bio-belley-responsable-levain\\\/\",\"url\":\"https:\\\/\\\/apaindeloup.fr\\\/index.php\\\/boulangerie-bio-belley-responsable-levain\\\/\",\"name\":\"Boulangerie Bio artisanale \u00e0 Belley, \u00e9co-responsable, pains au levain\",\"isPartOf\":{\"@id\":\"https:\\\/\\\/apaindeloup.fr\\\/#website\"},\"primaryImageOfPage\":{\"@id\":\"https:\\\/\\\/apaindeloup.fr\\\/index.php\\\/boulangerie-bio-belley-responsable-levain\\\/#primaryimage\"},\"image\":{\"@id\":\"https:\\\/\\\/apaindeloup.fr\\\/index.php\\\/boulangerie-bio-belley-responsable-levain\\\/#primaryimage\"},\"thumbnailUrl\":\"https:\\\/\\\/apaindeloup.fr\\\/wp-content\\\/uploads\\\/2021\\\/03\\\/eidb-1.jpg\",\"datePublished\":\"2021-03-15T08:15:54+00:00\",\"dateModified\":\"2024-01-22T18:53:40+00:00\",\"description\":\"A pain de Loup : boulangerie Bio artisanale situ\u00e9e \u00e0 Belley, \u00e9co-responsable, sp\u00e9cialis\u00e9e dans la panification au levain naturel.\",\"breadcrumb\":{\"@id\":\"https:\\\/\\\/apaindeloup.fr\\\/index.php\\\/boulangerie-bio-belley-responsable-levain\\\/#breadcrumb\"},\"inLanguage\":\"fr-FR\",\"potentialAction\":[{\"@type\":\"ReadAction\",\"target\":[\"https:\\\/\\\/apaindeloup.fr\\\/index.php\\\/boulangerie-bio-belley-responsable-levain\\\/\"]}]},{\"@type\":\"ImageObject\",\"inLanguage\":\"fr-FR\",\"@id\":\"https:\\\/\\\/apaindeloup.fr\\\/index.php\\\/boulangerie-bio-belley-responsable-levain\\\/#primaryimage\",\"url\":\"https:\\\/\\\/apaindeloup.fr\\\/wp-content\\\/uploads\\\/2021\\\/03\\\/eidb-1.jpg\",\"contentUrl\":\"https:\\\/\\\/apaindeloup.fr\\\/wp-content\\\/uploads\\\/2021\\\/03\\\/eidb-1.jpg\",\"width\":600,\"height\":383,\"caption\":\"table d'examen d'artisan boulanger bio\"},{\"@type\":\"BreadcrumbList\",\"@id\":\"https:\\\/\\\/apaindeloup.fr\\\/index.php\\\/boulangerie-bio-belley-responsable-levain\\\/#breadcrumb\",\"itemListElement\":[{\"@type\":\"ListItem\",\"position\":1,\"name\":\"Accueil\",\"item\":\"https:\\\/\\\/apaindeloup.fr\\\/\"},{\"@type\":\"ListItem\",\"position\":2,\"name\":\"Philosophie\"}]},{\"@type\":\"WebSite\",\"@id\":\"https:\\\/\\\/apaindeloup.fr\\\/#website\",\"url\":\"https:\\\/\\\/apaindeloup.fr\\\/\",\"name\":\"A pain de Loup\",\"description\":\"pain au levain sauvage\",\"potentialAction\":[{\"@type\":\"SearchAction\",\"target\":{\"@type\":\"EntryPoint\",\"urlTemplate\":\"https:\\\/\\\/apaindeloup.fr\\\/?s={search_term_string}\"},\"query-input\":{\"@type\":\"PropertyValueSpecification\",\"valueRequired\":true,\"valueName\":\"search_term_string\"}}],\"inLanguage\":\"fr-FR\"}]}<\/script>\n<!-- \/ Yoast SEO plugin. -->","yoast_head_json":{"title":"Boulangerie Bio artisanale \u00e0 Belley, \u00e9co-responsable, pains au levain","description":"A pain de Loup : boulangerie Bio artisanale situ\u00e9e \u00e0 Belley, \u00e9co-responsable, sp\u00e9cialis\u00e9e dans la panification au levain naturel.","robots":{"index":"index","follow":"follow","max-snippet":"max-snippet:-1","max-image-preview":"max-image-preview:large","max-video-preview":"max-video-preview:-1"},"canonical":"https:\/\/apaindeloup.fr\/index.php\/boulangerie-bio-belley-responsable-levain\/","og_locale":"fr_FR","og_type":"article","og_title":"Boulangerie Bio artisanale \u00e0 Belley, \u00e9co-responsable, pains au levain","og_description":"A pain de Loup : boulangerie Bio artisanale situ\u00e9e \u00e0 Belley, \u00e9co-responsable, sp\u00e9cialis\u00e9e dans la panification au levain naturel.","og_url":"https:\/\/apaindeloup.fr\/index.php\/boulangerie-bio-belley-responsable-levain\/","og_site_name":"A pain de Loup","article_modified_time":"2024-01-22T18:53:40+00:00","og_image":[{"url":"https:\/\/apaindeloup.fr\/wp-content\/uploads\/2021\/03\/eidb-1.jpg","type":"","width":"","height":""}],"twitter_card":"summary_large_image","twitter_misc":{"Dur\u00e9e de lecture estim\u00e9e":"3 minutes"},"schema":{"@context":"https:\/\/schema.org","@graph":[{"@type":"WebPage","@id":"https:\/\/apaindeloup.fr\/index.php\/boulangerie-bio-belley-responsable-levain\/","url":"https:\/\/apaindeloup.fr\/index.php\/boulangerie-bio-belley-responsable-levain\/","name":"Boulangerie Bio artisanale \u00e0 Belley, \u00e9co-responsable, pains au levain","isPartOf":{"@id":"https:\/\/apaindeloup.fr\/#website"},"primaryImageOfPage":{"@id":"https:\/\/apaindeloup.fr\/index.php\/boulangerie-bio-belley-responsable-levain\/#primaryimage"},"image":{"@id":"https:\/\/apaindeloup.fr\/index.php\/boulangerie-bio-belley-responsable-levain\/#primaryimage"},"thumbnailUrl":"https:\/\/apaindeloup.fr\/wp-content\/uploads\/2021\/03\/eidb-1.jpg","datePublished":"2021-03-15T08:15:54+00:00","dateModified":"2024-01-22T18:53:40+00:00","description":"A pain de Loup : boulangerie Bio artisanale situ\u00e9e \u00e0 Belley, \u00e9co-responsable, sp\u00e9cialis\u00e9e dans la panification au levain naturel.","breadcrumb":{"@id":"https:\/\/apaindeloup.fr\/index.php\/boulangerie-bio-belley-responsable-levain\/#breadcrumb"},"inLanguage":"fr-FR","potentialAction":[{"@type":"ReadAction","target":["https:\/\/apaindeloup.fr\/index.php\/boulangerie-bio-belley-responsable-levain\/"]}]},{"@type":"ImageObject","inLanguage":"fr-FR","@id":"https:\/\/apaindeloup.fr\/index.php\/boulangerie-bio-belley-responsable-levain\/#primaryimage","url":"https:\/\/apaindeloup.fr\/wp-content\/uploads\/2021\/03\/eidb-1.jpg","contentUrl":"https:\/\/apaindeloup.fr\/wp-content\/uploads\/2021\/03\/eidb-1.jpg","width":600,"height":383,"caption":"table d'examen d'artisan boulanger bio"},{"@type":"BreadcrumbList","@id":"https:\/\/apaindeloup.fr\/index.php\/boulangerie-bio-belley-responsable-levain\/#breadcrumb","itemListElement":[{"@type":"ListItem","position":1,"name":"Accueil","item":"https:\/\/apaindeloup.fr\/"},{"@type":"ListItem","position":2,"name":"Philosophie"}]},{"@type":"WebSite","@id":"https:\/\/apaindeloup.fr\/#website","url":"https:\/\/apaindeloup.fr\/","name":"A pain de Loup","description":"pain au levain sauvage","potentialAction":[{"@type":"SearchAction","target":{"@type":"EntryPoint","urlTemplate":"https:\/\/apaindeloup.fr\/?s={search_term_string}"},"query-input":{"@type":"PropertyValueSpecification","valueRequired":true,"valueName":"search_term_string"}}],"inLanguage":"fr-FR"}]}},"_links":{"self":[{"href":"https:\/\/apaindeloup.fr\/index.php\/wp-json\/wp\/v2\/pages\/12","targetHints":{"allow":["GET"]}}],"collection":[{"href":"https:\/\/apaindeloup.fr\/index.php\/wp-json\/wp\/v2\/pages"}],"about":[{"href":"https:\/\/apaindeloup.fr\/index.php\/wp-json\/wp\/v2\/types\/page"}],"author":[{"embeddable":true,"href":"https:\/\/apaindeloup.fr\/index.php\/wp-json\/wp\/v2\/users\/1"}],"replies":[{"embeddable":true,"href":"https:\/\/apaindeloup.fr\/index.php\/wp-json\/wp\/v2\/comments?post=12"}],"version-history":[{"count":107,"href":"https:\/\/apaindeloup.fr\/index.php\/wp-json\/wp\/v2\/pages\/12\/revisions"}],"predecessor-version":[{"id":2201,"href":"https:\/\/apaindeloup.fr\/index.php\/wp-json\/wp\/v2\/pages\/12\/revisions\/2201"}],"wp:attachment":[{"href":"https:\/\/apaindeloup.fr\/index.php\/wp-json\/wp\/v2\/media?parent=12"}],"curies":[{"name":"wp","href":"https:\/\/api.w.org\/{rel}","templated":true}]}}